{"id":17026,"date":"2024-10-07T05:24:28","date_gmt":"2024-10-07T05:24:28","guid":{"rendered":"https:\/\/productoorganicos.com.mx\/?page_id=17026"},"modified":"2025-04-03T23:57:52","modified_gmt":"2025-04-03T23:57:52","slug":"politicas-de-envios","status":"publish","type":"page","link":"https:\/\/productoorganicos.com.mx\/index.php\/politicas-de-envios\/","title":{"rendered":"POL\u00cdTICAS DE ENV\u00cdOS"},"content":{"rendered":"\t\t<div data-elementor-type=\"wp-page\" data-elementor-id=\"17026\" class=\"elementor elementor-17026\">\n\t\t\t\t<div class=\"elementor-element elementor-element-d847474 e-flex e-con-boxed e-con e-parent\" data-id=\"d847474\" data-element_type=\"container\">\n\t\t\t\t\t<div class=\"e-con-inner\">\n\t\t\t\t<div class=\"elementor-element elementor-element-6fe5b39 elementor-widget elementor-widget-wd_text_block\" data-id=\"6fe5b39\" data-element_type=\"widget\" data-widget_type=\"wd_text_block.default\">\n\t\t\t\t<div class=\"elementor-widget-container\">\n\t\t\t\t\t\t\t<div class=\"wd-text-block reset-last-child text-left\">\n\t\t\t\n\t\t\t<p><strong>TIPOS DE ENTREGAS.<\/strong><\/p><ul><li>ENTREGA ONLINE \u2013 Todos los pedidos que se realicen por este medio tendr\u00e1n un costo de $149 a cualquier zona de la Rep\u00fablica Mexicana en un tiempo de entrega de 2 a 3 d\u00edas h\u00e1biles.<\/li><li>ENVIO GRATUITO \u2013 Para obtener env\u00edo gratuito, tu compra debe ser mayor o igual a $1200 pesos. En caso contrario, se cobrar\u00e1 una tarifa de env\u00edo, que ser\u00e1 especificada en el proceso de compra.<\/li><\/ul><p><span style=\"font-size: 14px; text-align: var(--text-align); background-color: var(--wd-main-bgcolor); color: var(--wd-text-color);\"><strong>PEDIDOS EN TEMPORADA ALTA<\/strong>. <\/span><\/p><p><span style=\"font-family: Arvo, sans-serif; font-size: 16px; font-style: normal; font-variant-ligatures: normal; font-variant-caps: normal; font-weight: 400; text-align: var(--text-align); background-color: var(--wd-main-bgcolor); color: var(--wd-text-color);\">Regularmente en Noviembre y Diciembre de los pedidos ONLINE y LOCALES pueden llegar a tener un d\u00eda m\u00e1s de atraso debido a la carga de trabajo que llegan a tener las paqueter\u00edas.<\/span><\/p><p><strong><span style=\"font-size: 14px; text-align: var(--text-align); background-color: var(--wd-main-bgcolor); color: var(--wd-text-color);\">OPCIONES DE ENVI\u00d3 <\/span><\/strong><\/p><p><span style=\"font-family: Arvo, sans-serif; font-size: 16px; font-style: normal; font-variant-ligatures: normal; font-variant-caps: normal; font-weight: 400; text-align: var(--text-align); background-color: var(--wd-main-bgcolor); color: var(--wd-text-color);\">Regularmente Realizamos env\u00edos a toda la Rep\u00fablica Mexicana. Tratamos con paqueter\u00edas serias que ofrecen el SERVICIO EXPRESS con la intenci\u00f3n de asegurar un env\u00edo m\u00e1s cuidado y seguro.<\/span><\/p><p><strong>PAQUETER\u00cdAS<\/strong><\/p><ul><li>FedEx<\/li><li>99 MINUTOS<\/li><li>ESTAFETA<\/li><\/ul><div data-errorword=\"GARANTIA\"><strong>GARANTIA<\/strong><\/div><p>En caso de que su pedido llegue a sufrir alg\u00fan tipo de inconveniente con su entrega ya sea que llegue roto o se haya extraviado por la paqueter\u00eda, nosotras nos haremos responsables ofreci\u00e9ndole algunas soluciones, como su devoluci\u00f3n o la reposici\u00f3n de su paquete. Queremos que sepan que ustedes son nuestra prioridad y por ello buscamos su seguridad y confianza.<\/p>\n\t\t\t\t\t<\/div>\n\t\t\t\t\t\t<\/div>\n\t\t\t\t<\/div>\n\t\t\t\t\t<\/div>\n\t\t\t\t<\/div>\n\t\t\t\t<\/div>\n\t\t","protected":false},"excerpt":{"rendered":"<p>TIPOS DE ENTREGAS. ENTREGA ONLINE \u2013 Todos los pedidos que se realicen por este medio tendr\u00e1n un costo de $149<\/p>\n","protected":false},"author":1,"featured_media":0,"parent":0,"menu_order":0,"comment_status":"closed","ping_status":"closed","template":"elementor_header_footer","meta":{"_joinchat":[],"footnotes":""},"class_list":["post-17026","page","type-page","status-publish","hentry"],"_links":{"self":[{"href":"https:\/\/productoorganicos.com.mx\/index.php\/wp-json\/wp\/v2\/pages\/17026","targetHints":{"allow":["GET"]}}],"collection":[{"href":"https:\/\/productoorganicos.com.mx\/index.php\/wp-json\/wp\/v2\/pages"}],"about":[{"href":"https:\/\/productoorganicos.com.mx\/index.php\/wp-json\/wp\/v2\/types\/page"}],"author":[{"embeddable":true,"href":"https:\/\/productoorganicos.com.mx\/index.php\/wp-json\/wp\/v2\/users\/1"}],"replies":[{"embeddable":true,"href":"https:\/\/productoorganicos.com.mx\/index.php\/wp-json\/wp\/v2\/comments?post=17026"}],"version-history":[{"count":19,"href":"https:\/\/productoorganicos.com.mx\/index.php\/wp-json\/wp\/v2\/pages\/17026\/revisions"}],"predecessor-version":[{"id":17736,"href":"https:\/\/productoorganicos.com.mx\/index.php\/wp-json\/wp\/v2\/pages\/17026\/revisions\/17736"}],"wp:attachment":[{"href":"https:\/\/productoorganicos.com.mx\/index.php\/wp-json\/wp\/v2\/media?parent=17026"}],"curies":[{"name":"wp","href":"https:\/\/api.w.org\/{rel}","templated":true}]}}