{"id":17285,"date":"2024-11-25T02:07:31","date_gmt":"2024-11-25T02:07:31","guid":{"rendered":"https:\/\/productoorganicos.com.mx\/?page_id=17285"},"modified":"2025-01-27T04:36:26","modified_gmt":"2025-01-27T04:36:26","slug":"shampoo-solido","status":"publish","type":"page","link":"https:\/\/productoorganicos.com.mx\/index.php\/shampoo-solido\/","title":{"rendered":"Shampoo y Acondicionador S\u00f3lido"},"content":{"rendered":"\t\t<div data-elementor-type=\"wp-page\" data-elementor-id=\"17285\" class=\"elementor elementor-17285\">\n\t\t\t\t<div class=\"elementor-element elementor-element-4d59ac9 elementor-hidden-tablet elementor-hidden-mobile e-flex e-con-boxed e-con e-parent\" data-id=\"4d59ac9\" data-element_type=\"container\">\n\t\t\t\t\t<div class=\"e-con-inner\">\n\t\t<div class=\"elementor-element elementor-element-71b3e5f e-con-full e-flex e-con e-child\" data-id=\"71b3e5f\" data-element_type=\"container\">\n\t\t\t\t<div class=\"elementor-element elementor-element-6365372 elementor-widget elementor-widget-spacer\" data-id=\"6365372\" data-element_type=\"widget\" data-widget_type=\"spacer.default\">\n\t\t\t\t<div class=\"elementor-widget-container\">\n\t\t\t\t\t\t\t<div class=\"elementor-spacer\">\n\t\t\t<div class=\"elementor-spacer-inner\"><\/div>\n\t\t<\/div>\n\t\t\t\t\t\t<\/div>\n\t\t\t\t<\/div>\n\t\t\t\t<div class=\"elementor-element elementor-element-0498459 wd-width-100 elementor-widget elementor-widget-wd_title\" data-id=\"0498459\" data-element_type=\"widget\" data-widget_type=\"wd_title.default\">\n\t\t\t\t<div class=\"elementor-widget-container\">\n\t\t\t\t\t\t\t<div class=\"title-wrapper set-mb-s reset-last-child wd-title-color-default wd-title-style-default wd-title-size-default text-center\">\n\n\t\t\t\n\t\t\t<div class=\"liner-continer\">\n\t\t\t\t<h4 class=\"woodmart-title-container title wd-fontsize-l\">Shampoo S\u00f3lido<\/h4> \n\t\t\t\t\t\t\t<\/div>\n\n\t\t\t\t\t\t\t<div class=\"title-after_title set-cont-mb-s reset-last-child wd-fontsize-xs\">\n\t\t\t\t\t<p>La popularidad de los Shampoos S\u00f3lidos cada vez incrementa m\u00e1s debido a las propiedades y beneficios que estos prometen, solamente tienes que confiar y adaptarte al cambio para darle una vida m\u00e1s saludable a tu cabello.<\/p><p>Moja tu cabello. Frota la barrita en tu cuero cabelludo, no es necesario frotarlo tanto tiempo, con muy poco sacara bastante espuma, ojo aqu\u00ed; con la espuma que tienes en el cabello podr\u00e1s generar m\u00e1s al momento de masajear, cuando termines distribuye con esa misma espuma el resto del cabello y d\u00e9jalo reposar 3 minutos en lo que terminas de ba\u00f1arte. Para finalizar; \u00a1enjuaga y listo!<\/p><p>Te sugerimos que para te dure m\u00e1s tu shampoo lo coloques en una jabonera que permita drenar bien el agua para que siempre se mantenga seco y dure m\u00e1s. Cuando tu shampoo se haga en muchos pedacitos te recomendamos usar la bolsita de organiza, esto ayudara a acabarte hasta el \u00faltimo gramito de tu shampoo.<\/p><p>Con estos TIPS te aseguro que no dudaras en probarlos!<\/p>\t\t\t\t<\/div>\n\t\t\t\t\t<\/div>\n\t\t\t\t\t\t<\/div>\n\t\t\t\t<\/div>\n\t\t\t\t<\/div>\n\t\t<div class=\"elementor-element elementor-element-ee7d210 e-con-full e-flex e-con e-child\" data-id=\"ee7d210\" data-element_type=\"container\">\n\t\t\t\t<div class=\"elementor-element elementor-element-03565ab elementor-widget elementor-widget-video\" data-id=\"03565ab\" data-element_type=\"widget\" data-settings=\"{&quot;video_type&quot;:&quot;hosted&quot;,&quot;controls&quot;:&quot;yes&quot;}\" data-widget_type=\"video.default\">\n\t\t\t\t<div class=\"elementor-widget-container\">\n\t\t\t\t\t\t\t<div class=\"e-hosted-video elementor-wrapper elementor-open-inline\">\n\t\t\t\t\t<video class=\"elementor-video\" src=\"https:\/\/productoorganicos.com.mx\/wp-content\/uploads\/2024\/12\/12.mp4\" controls=\"\" preload=\"metadata\" controlsList=\"nodownload\"><\/video>\n\t\t\t\t<\/div>\n\t\t\t\t\t\t<\/div>\n\t\t\t\t<\/div>\n\t\t\t\t<\/div>\n\t\t<div class=\"elementor-element elementor-element-b969004 e-con-full e-flex e-con e-child\" data-id=\"b969004\" data-element_type=\"container\">\n\t\t\t\t<div class=\"elementor-element elementor-element-b1d88c2 elementor-widget elementor-widget-spacer\" data-id=\"b1d88c2\" data-element_type=\"widget\" data-widget_type=\"spacer.default\">\n\t\t\t\t<div class=\"elementor-widget-container\">\n\t\t\t\t\t\t\t<div class=\"elementor-spacer\">\n\t\t\t<div class=\"elementor-spacer-inner\"><\/div>\n\t\t<\/div>\n\t\t\t\t\t\t<\/div>\n\t\t\t\t<\/div>\n\t\t\t\t<div class=\"elementor-element elementor-element-718df0f wd-width-100 elementor-widget elementor-widget-wd_title\" data-id=\"718df0f\" data-element_type=\"widget\" data-widget_type=\"wd_title.default\">\n\t\t\t\t<div class=\"elementor-widget-container\">\n\t\t\t\t\t\t\t<div class=\"title-wrapper set-mb-s reset-last-child wd-title-color-default wd-title-style-default wd-title-size-default text-center\">\n\n\t\t\t\n\t\t\t<div class=\"liner-continer\">\n\t\t\t\t<h4 class=\"woodmart-title-container title wd-fontsize-l\">Acondicionador S\u00f3lido<\/h4> \n\t\t\t\t\t\t\t<\/div>\n\n\t\t\t\t\t\t\t<div class=\"title-after_title set-cont-mb-s reset-last-child wd-fontsize-xs\">\n\t\t\t\t\t<p>Nuestro acondicionador es uno de los productos m\u00e1s vendidos debido a su calidad, variedad y durabilidad. Lo vas amar despu\u00e9s de ver como empieza a cambiar tu cabello.<\/p><p>Despu\u00e9s de enjuagar el shampoo, con un chorrito de agua frota el acondicionador en tu cabello de medias a puntas, y para una mejor distribuci\u00f3n secciona tu cabello en tres partes para que se pueda desenredar mejor. Ojo; Todo este proceso hazlo mientras estas en el chorro de agua, as\u00ed ser\u00e1 m\u00e1s f\u00e1cil de desenredar y te durar\u00e1 m\u00e1s tu acondicionador. Para finalizar; \u00a1enjuaga y luce una melena hermosa!<\/p><p>De igual manera mant\u00e9n t\u00fa acondicionador en una jabonera que drene bien el agua, as\u00ed tu barrita siempre se mantendr\u00e1 seca y bien conservada.<\/p>\t\t\t\t<\/div>\n\t\t\t\t\t<\/div>\n\t\t\t\t\t\t<\/div>\n\t\t\t\t<\/div>\n\t\t\t\t<\/div>\n\t\t\t\t\t<\/div>\n\t\t\t\t<\/div>\n\t\t<div class=\"elementor-element elementor-element-d962386 elementor-hidden-desktop e-flex e-con-boxed e-con e-parent\" data-id=\"d962386\" data-element_type=\"container\">\n\t\t\t\t\t<div class=\"e-con-inner\">\n\t\t<div class=\"elementor-element elementor-element-6c84236 e-con-full e-flex e-con e-child\" data-id=\"6c84236\" data-element_type=\"container\">\n\t\t\t\t<div class=\"elementor-element elementor-element-06c31f6 elementor-widget elementor-widget-spacer\" data-id=\"06c31f6\" data-element_type=\"widget\" data-widget_type=\"spacer.default\">\n\t\t\t\t<div class=\"elementor-widget-container\">\n\t\t\t\t\t\t\t<div class=\"elementor-spacer\">\n\t\t\t<div class=\"elementor-spacer-inner\"><\/div>\n\t\t<\/div>\n\t\t\t\t\t\t<\/div>\n\t\t\t\t<\/div>\n\t\t\t\t<div class=\"elementor-element elementor-element-004eecd wd-width-100 elementor-widget elementor-widget-wd_title\" data-id=\"004eecd\" data-element_type=\"widget\" data-widget_type=\"wd_title.default\">\n\t\t\t\t<div class=\"elementor-widget-container\">\n\t\t\t\t\t\t\t<div class=\"title-wrapper set-mb-s reset-last-child wd-title-color-default wd-title-style-default wd-title-size-default text-center\">\n\n\t\t\t\n\t\t\t<div class=\"liner-continer\">\n\t\t\t\t<h4 class=\"woodmart-title-container title wd-fontsize-l\">Shampoo S\u00f3lido<\/h4> \n\t\t\t\t\t\t\t<\/div>\n\n\t\t\t\t\t\t\t<div class=\"title-after_title set-cont-mb-s reset-last-child wd-fontsize-xs\">\n\t\t\t\t\t<p>La popularidad de los Shampoos S\u00f3lidos cada vez incrementa m\u00e1s debido a las propiedades y beneficios que estos prometen, solamente tienes que confiar y adaptarte al cambio para darle una vida m\u00e1s saludable a tu cabello.<\/p><p>Moja tu cabello. Frota la barrita en tu cuero cabelludo, no es necesario frotarlo tanto tiempo, con muy poco sacara bastante espuma, ojo aqu\u00ed; con la espuma que tienes en el cabello podr\u00e1s generar m\u00e1s al momento de masajear, cuando termines distribuye con esa misma espuma el resto del cabello y d\u00e9jalo reposar 3 minutos en lo que terminas de ba\u00f1arte. Para finalizar; \u00a1enjuaga y listo!<\/p><p>Te sugerimos que para te dure m\u00e1s tu shampoo lo coloques en una jabonera que permita drenar bien el agua para que siempre se mantenga seco y dure m\u00e1s. Cuando tu shampoo se haga en muchos pedacitos te recomendamos usar la bolsita de organiza, esto ayudara a acabarte hasta el \u00faltimo gramito de tu shampoo.<\/p><p>Con estos TIPS te aseguro que no dudaras en probarlos!<\/p>\t\t\t\t<\/div>\n\t\t\t\t\t<\/div>\n\t\t\t\t\t\t<\/div>\n\t\t\t\t<\/div>\n\t\t\t\t<\/div>\n\t\t\t\t<div class=\"elementor-element elementor-element-28aa506 elementor-widget elementor-widget-spacer\" data-id=\"28aa506\" data-element_type=\"widget\" data-widget_type=\"spacer.default\">\n\t\t\t\t<div class=\"elementor-widget-container\">\n\t\t\t\t\t\t\t<div class=\"elementor-spacer\">\n\t\t\t<div class=\"elementor-spacer-inner\"><\/div>\n\t\t<\/div>\n\t\t\t\t\t\t<\/div>\n\t\t\t\t<\/div>\n\t\t<div class=\"elementor-element elementor-element-9e2b2b3 e-con-full e-flex e-con e-child\" data-id=\"9e2b2b3\" data-element_type=\"container\">\n\t\t\t\t<div class=\"elementor-element elementor-element-4d1cefa elementor-widget elementor-widget-video\" data-id=\"4d1cefa\" data-element_type=\"widget\" data-settings=\"{&quot;video_type&quot;:&quot;hosted&quot;,&quot;controls&quot;:&quot;yes&quot;}\" data-widget_type=\"video.default\">\n\t\t\t\t<div class=\"elementor-widget-container\">\n\t\t\t\t\t\t\t<div class=\"e-hosted-video elementor-wrapper elementor-open-inline\">\n\t\t\t\t\t<video class=\"elementor-video\" src=\"https:\/\/productoorganicos.com.mx\/wp-content\/uploads\/2024\/12\/12.mp4\" controls=\"\" preload=\"metadata\" controlsList=\"nodownload\"><\/video>\n\t\t\t\t<\/div>\n\t\t\t\t\t\t<\/div>\n\t\t\t\t<\/div>\n\t\t\t\t<\/div>\n\t\t<div class=\"elementor-element elementor-element-0a98cbb e-con-full e-flex e-con e-child\" data-id=\"0a98cbb\" data-element_type=\"container\">\n\t\t\t\t<div class=\"elementor-element elementor-element-4a476a1 elementor-widget elementor-widget-spacer\" data-id=\"4a476a1\" data-element_type=\"widget\" data-widget_type=\"spacer.default\">\n\t\t\t\t<div class=\"elementor-widget-container\">\n\t\t\t\t\t\t\t<div class=\"elementor-spacer\">\n\t\t\t<div class=\"elementor-spacer-inner\"><\/div>\n\t\t<\/div>\n\t\t\t\t\t\t<\/div>\n\t\t\t\t<\/div>\n\t\t\t\t<div class=\"elementor-element elementor-element-0bf8129 wd-width-100 elementor-widget elementor-widget-wd_title\" data-id=\"0bf8129\" data-element_type=\"widget\" data-widget_type=\"wd_title.default\">\n\t\t\t\t<div class=\"elementor-widget-container\">\n\t\t\t\t\t\t\t<div class=\"title-wrapper set-mb-s reset-last-child wd-title-color-default wd-title-style-default wd-title-size-default text-center\">\n\n\t\t\t\n\t\t\t<div class=\"liner-continer\">\n\t\t\t\t<h4 class=\"woodmart-title-container title wd-fontsize-l\">Acondicionador S\u00f3lido<\/h4> \n\t\t\t\t\t\t\t<\/div>\n\n\t\t\t\t\t\t\t<div class=\"title-after_title set-cont-mb-s reset-last-child wd-fontsize-xs\">\n\t\t\t\t\t<p>Nuestro acondicionador es uno de los productos m\u00e1s vendidos debido a su calidad, variedad y durabilidad. Lo vas amar despu\u00e9s de ver como empieza a cambiar tu cabello.<\/p><p>Despu\u00e9s de enjuagar el shampoo, con un chorrito de agua frota el acondicionador en tu cabello de medias a puntas, y para una mejor distribuci\u00f3n secciona tu cabello en tres partes para que se pueda desenredar mejor. Ojo; Todo este proceso hazlo mientras estas en el chorro de agua, as\u00ed ser\u00e1 m\u00e1s f\u00e1cil de desenredar y te durar\u00e1 m\u00e1s tu acondicionador. Para finalizar; \u00a1enjuaga y luce una melena hermosa!<\/p><p>De igual manera mant\u00e9n t\u00fa acondicionador en una jabonera que drene bien el agua, as\u00ed tu barrita siempre se mantendr\u00e1 seca y bien conservada.<\/p>\t\t\t\t<\/div>\n\t\t\t\t\t<\/div>\n\t\t\t\t\t\t<\/div>\n\t\t\t\t<\/div>\n\t\t\t\t<\/div>\n\t\t\t\t\t<\/div>\n\t\t\t\t<\/div>\n\t\t\t\t<\/div>\n\t\t","protected":false},"excerpt":{"rendered":"<p>Shampoo S\u00f3lido La popularidad de los Shampoos S\u00f3lidos cada vez incrementa m\u00e1s debido a las propiedades y beneficios que estos<\/p>\n","protected":false},"author":1,"featured_media":0,"parent":0,"menu_order":0,"comment_status":"closed","ping_status":"closed","template":"elementor_header_footer","meta":{"_joinchat":[],"footnotes":""},"class_list":["post-17285","page","type-page","status-publish","hentry"],"_links":{"self":[{"href":"https:\/\/productoorganicos.com.mx\/index.php\/wp-json\/wp\/v2\/pages\/17285","targetHints":{"allow":["GET"]}}],"collection":[{"href":"https:\/\/productoorganicos.com.mx\/index.php\/wp-json\/wp\/v2\/pages"}],"about":[{"href":"https:\/\/productoorganicos.com.mx\/index.php\/wp-json\/wp\/v2\/types\/page"}],"author":[{"embeddable":true,"href":"https:\/\/productoorganicos.com.mx\/index.php\/wp-json\/wp\/v2\/users\/1"}],"replies":[{"embeddable":true,"href":"https:\/\/productoorganicos.com.mx\/index.php\/wp-json\/wp\/v2\/comments?post=17285"}],"version-history":[{"count":52,"href":"https:\/\/productoorganicos.com.mx\/index.php\/wp-json\/wp\/v2\/pages\/17285\/revisions"}],"predecessor-version":[{"id":17673,"href":"https:\/\/productoorganicos.com.mx\/index.php\/wp-json\/wp\/v2\/pages\/17285\/revisions\/17673"}],"wp:attachment":[{"href":"https:\/\/productoorganicos.com.mx\/index.php\/wp-json\/wp\/v2\/media?parent=17285"}],"curies":[{"name":"wp","href":"https:\/\/api.w.org\/{rel}","templated":true}]}}