{"id":17398,"date":"2024-12-30T19:23:18","date_gmt":"2024-12-30T19:23:18","guid":{"rendered":"https:\/\/productoorganicos.com.mx\/?page_id=17398"},"modified":"2025-01-27T04:11:13","modified_gmt":"2025-01-27T04:11:13","slug":"cepillo-facial","status":"publish","type":"page","link":"https:\/\/productoorganicos.com.mx\/index.php\/cepillo-facial\/","title":{"rendered":"Cepillo Facial"},"content":{"rendered":"\t\t<div data-elementor-type=\"wp-page\" data-elementor-id=\"17398\" class=\"elementor elementor-17398\">\n\t\t\t\t<div class=\"elementor-element elementor-element-4d59ac9 elementor-hidden-tablet elementor-hidden-mobile e-flex e-con-boxed e-con e-parent\" data-id=\"4d59ac9\" data-element_type=\"container\">\n\t\t\t\t\t<div class=\"e-con-inner\">\n\t\t<div class=\"elementor-element elementor-element-c26f38a e-con-full e-flex e-con e-child\" data-id=\"c26f38a\" data-element_type=\"container\">\n\t\t\t\t<div class=\"elementor-element elementor-element-52b7d79 elementor-widget elementor-widget-video\" data-id=\"52b7d79\" data-element_type=\"widget\" data-settings=\"{&quot;video_type&quot;:&quot;hosted&quot;,&quot;controls&quot;:&quot;yes&quot;}\" data-widget_type=\"video.default\">\n\t\t\t\t<div class=\"elementor-widget-container\">\n\t\t\t\t\t\t\t<div class=\"e-hosted-video elementor-wrapper elementor-open-inline\">\n\t\t\t\t\t<video class=\"elementor-video\" src=\"https:\/\/productoorganicos.com.mx\/wp-content\/uploads\/2024\/12\/1-1.mp4\" controls=\"\" preload=\"metadata\" controlsList=\"nodownload\"><\/video>\n\t\t\t\t<\/div>\n\t\t\t\t\t\t<\/div>\n\t\t\t\t<\/div>\n\t\t\t\t<\/div>\n\t\t<div class=\"elementor-element elementor-element-71b3e5f e-con-full e-flex e-con e-child\" data-id=\"71b3e5f\" data-element_type=\"container\">\n\t\t\t\t<div class=\"elementor-element elementor-element-bb48c8b elementor-widget elementor-widget-spacer\" data-id=\"bb48c8b\" data-element_type=\"widget\" data-widget_type=\"spacer.default\">\n\t\t\t\t<div class=\"elementor-widget-container\">\n\t\t\t\t\t\t\t<div class=\"elementor-spacer\">\n\t\t\t<div class=\"elementor-spacer-inner\"><\/div>\n\t\t<\/div>\n\t\t\t\t\t\t<\/div>\n\t\t\t\t<\/div>\n\t\t\t\t<div class=\"elementor-element elementor-element-0498459 wd-width-100 elementor-widget elementor-widget-wd_title\" data-id=\"0498459\" data-element_type=\"widget\" data-widget_type=\"wd_title.default\">\n\t\t\t\t<div class=\"elementor-widget-container\">\n\t\t\t\t\t\t\t<div class=\"title-wrapper set-mb-s reset-last-child wd-title-color-default wd-title-style-default wd-title-size-default text-center\">\n\n\t\t\t\n\t\t\t<div class=\"liner-continer\">\n\t\t\t\t<h4 class=\"woodmart-title-container title wd-fontsize-l\">Cepillo Facial<\/h4> \n\t\t\t\t\t\t\t<\/div>\n\n\t\t\t\t\t\t\t<div class=\"title-after_title set-cont-mb-s reset-last-child wd-fontsize-xs\">\n\t\t\t\t\t<p>Los cepillos faciales son muy estimulantes para nuestra rutina diaria de skincare, ya que estimula la torrente sangu\u00edneo, tonifica la piel dej\u00e1ndola m\u00e1s tersa, reduce las l\u00edneas de expresi\u00f3n, exfolia la piel, previene manchas y granitos.<span class=\"Apple-converted-space\">\u00a0 <\/span>Es una maravilla!<\/p><p>La manera m\u00e1s f\u00e1cil de usar, es cepillando o masajeando de adentro hacia afuera tu carita, lo recomendable es que sean 3 pasadas a bajo presi\u00f3n, para que no te vayas a rasgu\u00f1ar tu carita.<\/p><p>Ojo; No te dejes intimidar por su apariencia, ya que a simple vista, podr\u00eda verse como un cepillo de cerdas duras y duro, pero en realidad es muy amigable una vez que lo sabes adaptar a tu piel.<\/p>\t\t\t\t<\/div>\n\t\t\t\t\t<\/div>\n\t\t\t\t\t\t<\/div>\n\t\t\t\t<\/div>\n\t\t\t\t<\/div>\n\t\t\t\t\t<\/div>\n\t\t\t\t<\/div>\n\t\t<div class=\"elementor-element elementor-element-74448f3 elementor-hidden-desktop e-flex e-con-boxed e-con e-parent\" data-id=\"74448f3\" data-element_type=\"container\">\n\t\t\t\t\t<div class=\"e-con-inner\">\n\t\t<div class=\"elementor-element elementor-element-7124bbf e-con-full e-flex e-con e-child\" data-id=\"7124bbf\" data-element_type=\"container\">\n\t\t\t\t<div class=\"elementor-element elementor-element-dec7b7b elementor-widget elementor-widget-video\" data-id=\"dec7b7b\" data-element_type=\"widget\" data-settings=\"{&quot;video_type&quot;:&quot;hosted&quot;,&quot;controls&quot;:&quot;yes&quot;}\" data-widget_type=\"video.default\">\n\t\t\t\t<div class=\"elementor-widget-container\">\n\t\t\t\t\t\t\t<div class=\"e-hosted-video elementor-wrapper elementor-open-inline\">\n\t\t\t\t\t<video class=\"elementor-video\" src=\"https:\/\/productoorganicos.com.mx\/wp-content\/uploads\/2024\/12\/1-1.mp4\" controls=\"\" preload=\"metadata\" controlsList=\"nodownload\"><\/video>\n\t\t\t\t<\/div>\n\t\t\t\t\t\t<\/div>\n\t\t\t\t<\/div>\n\t\t\t\t<\/div>\n\t\t<div class=\"elementor-element elementor-element-c2e8b2d e-con-full e-flex e-con e-child\" data-id=\"c2e8b2d\" data-element_type=\"container\">\n\t\t\t\t<div class=\"elementor-element elementor-element-9d7ca70 elementor-widget elementor-widget-spacer\" data-id=\"9d7ca70\" data-element_type=\"widget\" data-widget_type=\"spacer.default\">\n\t\t\t\t<div class=\"elementor-widget-container\">\n\t\t\t\t\t\t\t<div class=\"elementor-spacer\">\n\t\t\t<div class=\"elementor-spacer-inner\"><\/div>\n\t\t<\/div>\n\t\t\t\t\t\t<\/div>\n\t\t\t\t<\/div>\n\t\t\t\t<div class=\"elementor-element elementor-element-0186e6b wd-width-100 elementor-widget elementor-widget-wd_title\" data-id=\"0186e6b\" data-element_type=\"widget\" data-widget_type=\"wd_title.default\">\n\t\t\t\t<div class=\"elementor-widget-container\">\n\t\t\t\t\t\t\t<div class=\"title-wrapper set-mb-s reset-last-child wd-title-color-default wd-title-style-default wd-title-size-default text-center\">\n\n\t\t\t\n\t\t\t<div class=\"liner-continer\">\n\t\t\t\t<h4 class=\"woodmart-title-container title wd-fontsize-l\">Cepillo Facial<\/h4> \n\t\t\t\t\t\t\t<\/div>\n\n\t\t\t\t\t\t\t<div class=\"title-after_title set-cont-mb-s reset-last-child wd-fontsize-xs\">\n\t\t\t\t\t<p>Los cepillos faciales son muy estimulantes para nuestra rutina diaria de skincare, ya que estimula la torrente sangu\u00edneo, tonifica la piel dej\u00e1ndola m\u00e1s tersa, reduce las l\u00edneas de expresi\u00f3n, exfolia la piel, previene manchas y granitos.<span class=\"Apple-converted-space\">\u00a0 <\/span>Es una maravilla!<\/p><p>La manera m\u00e1s f\u00e1cil de usar, es cepillando o masajeando de adentro hacia afuera tu carita, lo recomendable es que sean 3 pasadas a bajo presi\u00f3n, para que no te vayas a rasgu\u00f1ar tu carita.<\/p><p>Ojo; No te dejes intimidar por su apariencia, ya que a simple vista, podr\u00eda verse como un cepillo de cerdas duras y duro, pero en realidad es muy amigable una vez que lo sabes adaptar a tu piel.<\/p>\t\t\t\t<\/div>\n\t\t\t\t\t<\/div>\n\t\t\t\t\t\t<\/div>\n\t\t\t\t<\/div>\n\t\t\t\t<\/div>\n\t\t\t\t\t<\/div>\n\t\t\t\t<\/div>\n\t\t\t\t<\/div>\n\t\t","protected":false},"excerpt":{"rendered":"<p>https:\/\/productoorganicos.com.mx\/wp-content\/uploads\/2024\/12\/1-1.mp4 Cepillo Facial Los cepillos faciales son muy estimulantes para nuestra rutina diaria de skincare, ya que estimula la torrente<\/p>\n","protected":false},"author":1,"featured_media":0,"parent":0,"menu_order":0,"comment_status":"closed","ping_status":"closed","template":"elementor_header_footer","meta":{"_joinchat":[],"footnotes":""},"class_list":["post-17398","page","type-page","status-publish","hentry"],"_links":{"self":[{"href":"https:\/\/productoorganicos.com.mx\/index.php\/wp-json\/wp\/v2\/pages\/17398","targetHints":{"allow":["GET"]}}],"collection":[{"href":"https:\/\/productoorganicos.com.mx\/index.php\/wp-json\/wp\/v2\/pages"}],"about":[{"href":"https:\/\/productoorganicos.com.mx\/index.php\/wp-json\/wp\/v2\/types\/page"}],"author":[{"embeddable":true,"href":"https:\/\/productoorganicos.com.mx\/index.php\/wp-json\/wp\/v2\/users\/1"}],"replies":[{"embeddable":true,"href":"https:\/\/productoorganicos.com.mx\/index.php\/wp-json\/wp\/v2\/comments?post=17398"}],"version-history":[{"count":16,"href":"https:\/\/productoorganicos.com.mx\/index.php\/wp-json\/wp\/v2\/pages\/17398\/revisions"}],"predecessor-version":[{"id":17634,"href":"https:\/\/productoorganicos.com.mx\/index.php\/wp-json\/wp\/v2\/pages\/17398\/revisions\/17634"}],"wp:attachment":[{"href":"https:\/\/productoorganicos.com.mx\/index.php\/wp-json\/wp\/v2\/media?parent=17398"}],"curies":[{"name":"wp","href":"https:\/\/api.w.org\/{rel}","templated":true}]}}