{"id":15947,"date":"2024-04-15T02:33:23","date_gmt":"2024-04-15T02:33:23","guid":{"rendered":"https:\/\/productoorganicos.com.mx\/?post_type=product&#038;p=15947"},"modified":"2025-11-19T01:13:08","modified_gmt":"2025-11-19T01:13:08","slug":"acondicionador-de-lavanda-baba-de-linaza","status":"publish","type":"product","link":"https:\/\/productoorganicos.com.mx\/index.php\/producto\/acondicionador-de-lavanda-baba-de-linaza\/","title":{"rendered":"ACONDICIONADOR DE LAVANDA-BABA DE LINAZA"},"content":{"rendered":"<p>ANTIFRIZZ. La baba de linaza por si mismo sirve como acondicionador por la gran cantidad de \u00e1cidos grasos que contiene, ayudando al cabello a mejorar su elasticidad haci\u00e9ndolo m\u00e1s moldeable y manejable.<\/p>\n<p>&nbsp;<\/p>\n<p><strong>Contenido: 90 g<\/strong><\/p>\n","protected":false},"excerpt":{"rendered":"<p>ANTIFRIZZ. La baba de linaza por si mismo sirve como acondicionador por la gran cantidad de \u00e1cidos grasos que contiene,<\/p>\n","protected":false},"featured_media":16569,"comment_status":"open","ping_status":"closed","template":"","meta":{"_joinchat":[]},"product_brand":[],"product_cat":[75,72,77],"product_tag":[],"class_list":{"0":"post-15947","1":"product","2":"type-product","3":"status-publish","4":"has-post-thumbnail","6":"product_cat-acondicionador","7":"product_cat-cuidado-capilar","8":"product_cat-tienda","10":"first","11":"instock","12":"shipping-taxable","13":"purchasable","14":"product-type-simple"},"_links":{"self":[{"href":"https:\/\/productoorganicos.com.mx\/index.php\/wp-json\/wp\/v2\/product\/15947","targetHints":{"allow":["GET"]}}],"collection":[{"href":"https:\/\/productoorganicos.com.mx\/index.php\/wp-json\/wp\/v2\/product"}],"about":[{"href":"https:\/\/productoorganicos.com.mx\/index.php\/wp-json\/wp\/v2\/types\/product"}],"replies":[{"embeddable":true,"href":"https:\/\/productoorganicos.com.mx\/index.php\/wp-json\/wp\/v2\/comments?post=15947"}],"version-history":[{"count":3,"href":"https:\/\/productoorganicos.com.mx\/index.php\/wp-json\/wp\/v2\/product\/15947\/revisions"}],"predecessor-version":[{"id":16170,"href":"https:\/\/productoorganicos.com.mx\/index.php\/wp-json\/wp\/v2\/product\/15947\/revisions\/16170"}],"wp:featuredmedia":[{"embeddable":true,"href":"https:\/\/productoorganicos.com.mx\/index.php\/wp-json\/wp\/v2\/media\/16569"}],"wp:attachment":[{"href":"https:\/\/productoorganicos.com.mx\/index.php\/wp-json\/wp\/v2\/media?parent=15947"}],"wp:term":[{"taxonomy":"product_brand","embeddable":true,"href":"https:\/\/productoorganicos.com.mx\/index.php\/wp-json\/wp\/v2\/product_brand?post=15947"},{"taxonomy":"product_cat","embeddable":true,"href":"https:\/\/productoorganicos.com.mx\/index.php\/wp-json\/wp\/v2\/product_cat?post=15947"},{"taxonomy":"product_tag","embeddable":true,"href":"https:\/\/productoorganicos.com.mx\/index.php\/wp-json\/wp\/v2\/product_tag?post=15947"}],"curies":[{"name":"wp","href":"https:\/\/api.w.org\/{rel}","templated":true}]}}