{"id":16225,"date":"2024-07-06T05:38:07","date_gmt":"2024-07-06T05:38:07","guid":{"rendered":"https:\/\/productoorganicos.com.mx\/?post_type=product&#038;p=16225"},"modified":"2025-11-19T01:13:07","modified_gmt":"2025-11-19T01:13:07","slug":"jabon-facial-de-arroz-con-leche","status":"publish","type":"product","link":"https:\/\/productoorganicos.com.mx\/index.php\/producto\/jabon-facial-de-arroz-con-leche\/","title":{"rendered":"JABON FACIAL DE ARROZ CON LECHE"},"content":{"rendered":"<div id=\"1401769eb0a4175dde9e13074bdb4cca\" class=\"error-span misspelling tooltipstered\" data-errorword=\"ANTICAIDA\">\n<div id=\"de91479fc93e358862731b8bf8e6064b\" class=\"error-span misspelling tooltipstered\" data-errorword=\"ANTICAIDA\">Sab\u00edas que la baba de arroz ayuda a prevenir la aparici\u00f3n de arrugas y la leche ayuda a tonificar y a aclarar la piel. Esta f\u00f3rmula es perfecta para quitar las manchas provocadas por el acn\u00e9 y sol.<\/div>\n<div data-errorword=\"ANTICAIDA\"><\/div>\n<div class=\"error-span misspelling tooltipstered\" data-errorword=\"ANTICAIDA\"><strong>Contenido: 90g<\/strong><\/div>\n<\/div>\n","protected":false},"excerpt":{"rendered":"<p>Sab\u00edas que la baba de arroz ayuda a prevenir la aparici\u00f3n de arrugas y la leche ayuda a tonificar y<\/p>\n","protected":false},"featured_media":16226,"comment_status":"open","ping_status":"closed","template":"","meta":{"_joinchat":[]},"product_brand":[],"product_cat":[82,77],"product_tag":[],"class_list":{"0":"post-16225","1":"product","2":"type-product","3":"status-publish","4":"has-post-thumbnail","6":"product_cat-jabones-faciales","7":"product_cat-tienda","9":"first","10":"instock","11":"shipping-taxable","12":"purchasable","13":"product-type-simple"},"_links":{"self":[{"href":"https:\/\/productoorganicos.com.mx\/index.php\/wp-json\/wp\/v2\/product\/16225","targetHints":{"allow":["GET"]}}],"collection":[{"href":"https:\/\/productoorganicos.com.mx\/index.php\/wp-json\/wp\/v2\/product"}],"about":[{"href":"https:\/\/productoorganicos.com.mx\/index.php\/wp-json\/wp\/v2\/types\/product"}],"replies":[{"embeddable":true,"href":"https:\/\/productoorganicos.com.mx\/index.php\/wp-json\/wp\/v2\/comments?post=16225"}],"version-history":[{"count":1,"href":"https:\/\/productoorganicos.com.mx\/index.php\/wp-json\/wp\/v2\/product\/16225\/revisions"}],"predecessor-version":[{"id":16229,"href":"https:\/\/productoorganicos.com.mx\/index.php\/wp-json\/wp\/v2\/product\/16225\/revisions\/16229"}],"wp:featuredmedia":[{"embeddable":true,"href":"https:\/\/productoorganicos.com.mx\/index.php\/wp-json\/wp\/v2\/media\/16226"}],"wp:attachment":[{"href":"https:\/\/productoorganicos.com.mx\/index.php\/wp-json\/wp\/v2\/media?parent=16225"}],"wp:term":[{"taxonomy":"product_brand","embeddable":true,"href":"https:\/\/productoorganicos.com.mx\/index.php\/wp-json\/wp\/v2\/product_brand?post=16225"},{"taxonomy":"product_cat","embeddable":true,"href":"https:\/\/productoorganicos.com.mx\/index.php\/wp-json\/wp\/v2\/product_cat?post=16225"},{"taxonomy":"product_tag","embeddable":true,"href":"https:\/\/productoorganicos.com.mx\/index.php\/wp-json\/wp\/v2\/product_tag?post=16225"}],"curies":[{"name":"wp","href":"https:\/\/api.w.org\/{rel}","templated":true}]}}